= 8 - 5. Let a(q) = 19*q**2 - 8*q + 3. What is the units digit of a(p)?
0
Let y(t) = t**2 + t - 5. Let d be y(0). Let x be (-333)/d + (-20)/(-50). Let o = x - 48. What is the tens digit of o?
1
Suppose 20 = -6*v + 86. Suppose 14*y - 297 = v*y. What is the units digit of y?
9
Let d(u) = 7*u + 23. Let i(s) = 111*s + 369. Let q(j) = 33*d(j) - 2*i(j). What is the units digit of q(5)?
6
What is the tens digit of (5 - -7)*54 + (-4 - 1)?
4
Let h(k) = k**2 - 34*k + 24. Let q be h(23). Let j = q - -327. What is the units digit of j?
8
Suppose -6434 = 2038*q - 2039*q. What is the hundreds digit of q?
4
Suppose 2*w + 0*w - 8 = 0. Let z be (15/2)/5*6. Suppose 7*v = w*v + z. What is the units digit of v?
3
Let h = -71 - -79. Suppose 0 = -4*m + h*m - 832. What is the tens digit of m?
0
What is the thousands digit of (-76956)/(-16) - 10 - (-3)/(-4)?
4
Let t be 22/(-4)*4 + -3. Let r = -22 - t. Suppose 0 = r*q - 4*a - 117, 0 = 3*q + 4*a + a - 90. What is the tens digit of q?
3
Let i be (-2 - -2)/(17 + -16). Suppose i = -4*s + 3*t + 354 + 10, 20 = 5*t. What is the tens digit of s?
9
Let w(h) be the first derivative of h**4/24 + 5*h**3/3 - 3*h**2/2 - 6. Let j(b) be the second derivative of w(b). What is the units digit of j(-6)?
4
Suppose -6 = 3*o + o + 3*y, 0 = -5*y - 10. Let v = o - -5. Suppose -v*c + 5*w - 4*w + 182 = 0, -3*c + 5*w = -96. What is the units digit of c?
7
Let f(y) = 8*y**2 - 5*y - 43. Let i(n) = -17*n**2 + 11*n + 87. Let p(l) = -13*f(l) - 6*i(l). What is the units digit of p(0)?
7
Suppose -4*x + n - 5*n + 20 = 0, 8 = 2*n. Let j(r) = 177*r - 2. What is the hundreds digit of j(x)?
1
Suppose 4*y - 2*j = 3*y + 121, 4*y - 5*j = 469. What is the tens digit of y?
1
Suppose 99*a - 57475 = 74*a. What is the hundreds digit of a?
2
Suppose 2*g = 3*d - 2*d - 49, 5*d = -g + 289. Suppose 0 = 5*f - 663 - d. Suppose 0 = a + 3*a - f. What is the units digit of a?
6
Let g(n) = n**2 + n + 1. Let d(m) = -10*m**2 + 9*m - 2. Let y(j) = -d(j) + 4*g(j). What is the tens digit of y(2)?
5
Let w(k) = k**2 - 30*k - 51. What is the tens digit of w(35)?
2
Suppose -21*o + 29105 - 3485 = 0. What is the tens digit of o?
2
Let h(p) = -40*p - 15. Let w(b) = -119*b - 45. Let m(d) = -8*h(d) + 3*w(d). What is the hundreds digit of m(-6)?
2
Suppose 11*v - 9277 = 4187. What is the thousands digit of v?
1
Let b = -12 + 8. Let j be 0/((-3 + 19)/b). Suppose j = -3*m - 46 + 169. What is the tens digit of m?
4
Suppose -24 = -5*u - 2*b, b - 2*b = 3*u - 14. Suppose -u*o + 355 = o. What is the tens digit of o?
7
Suppose -5*u + 9*u - 88 = 0. Suppose -2*k = -k - u. Suppose 2*c = 22 + k. What is the tens digit of c?
2
Suppose 0 = -3*f, 0*p - p - 2*f = -2. Suppose 288 = p*l - 16. What is the tens digit of l?
5
Suppose v - 3853 + 1313 = -o, -o + 5*v + 2516 = 0. What is the tens digit of o?
3
Suppose 4046 + 987 = 7*g. What is the units digit of g?
9
Let p be 4 - (-1)/((-2)/(-3 + 5)). Suppose 4*a = 8, -2*o + p*a = -27 - 63. What is the units digit of o?
8
Let y(w) = w**2 - 8*w - 13. Let i be y(10). Suppose -4*v = 3 - i. Suppose -p - 15 = -5*a, -a + 2 = 5*p - v. What is the units digit of a?
3
Let o = -13 - -14. Let n be (-35)/(-40) - o/(-8). Suppose -5 = -4*i - l, -3*i + 5*l - 1 = n. What is the units digit of i?
1
Let u = -613 + 1074. What is the tens digit of u?
6
Suppose -5*r = 1367 - 5487. What is the tens digit of r?
2
Let f(b) = 3*b**2 + b + 2. Let t(d) = -3*d**2 - 3. Let n(w) = 3*f(w) + 2*t(w). Let z be n(4). Suppose 4*x - z = 88. What is the tens digit of x?
3
What is the tens digit of -5 + 1 - -1*6492/4?
1
Let j = -71 + 113. Let n = j - -5. What is the units digit of n?
7
Suppose 2*j + 4*c - 4666 = 0, 3*c - 11651 = 19*j - 24*j. What is the thousands digit of j?
2
Let x = 22 - -5. What is the units digit of (-82)/((-18)/x*3/4)?
4
Suppose -u - 4 = -0*m - m, 2*u + 5*m - 20 = 0. Let o be 1/((2 - u)/10). Suppose o*d - 97 = -5*f + 3*f, 62 = f - 2*d. What is the tens digit of f?
5
Let d be 3 + (-24)/4 + 3. Suppose d = 2*v - 6, -2*l - 5*v = 9 - 36. What is the tens digit of 186/l - 0/1?
3
Let o = 23 - 127. Let v = o + 285. What is the units digit of v?
1
Let o = 1594 + -616. What is the tens digit of o?
7
Let h(d) = 2*d + 6. Let n be (-9)/(-2)*(-10)/15. Let w be h(n). Suppose -f - 2*f + 53 = -4*t, w = f - 3*t - 26. What is the units digit of f?
1
What is the tens digit of 18/(-4)*9772/(-42)?
4
Suppose q - 15 = -17. Let b(c) = -30*c - 4. What is the tens digit of b(q)?
5
Suppose 0 = 27*s - 63401 - 52024. What is the units digit of s?
5
Let s(x) = 2*x**2 - 18. What is the hundreds digit of s(-11)?
2
Let d be -2 + (-24)/(-3 - 0). Suppose 4*s - d*l = -3*l + 3473, -3*l - 875 = -s. What is the tens digit of 7/(-42) + s/12?
7
Suppose r + 3*g = -3*r + 9, 12 = 3*r + 4*g. Suppose -l - 3*l - 4 = r. What is the tens digit of (-2 - l)*1*-15?
1
Let w(o) = 2*o**2 - 32*o + 39. What is the tens digit of w(-15)?
6
Suppose -670 = -v + 657. Suppose 14*s = v + 955. What is the units digit of s?
3
Suppose -26 = -3*m + m. Suppose 3 = -14*q + m*q. What is the tens digit of ((-280)/(1 - q))/(-1)?
7
Suppose 0*h - 30 = -5*b - h, 5 = -4*b + 5*h. What is the units digit of b?
5
Let u = 81 + -78. Suppose -u*h + w = -96, -8*w + 3*w = -4*h + 128. What is the units digit of h?
2
Let w = 12 + -9. Suppose w*i - 240 = -135. What is the units digit of i?
5
Suppose -3*f = g - 1302, -5*g + 9*g = -5*f + 5194. What is the tens digit of g?
9
Let q be 1 + -1 + -4 - -2. Let o(m) = 36*m**2 + 3*m. What is the tens digit of o(q)?
3
Let i(n) = 5*n**2 + 3*n - 3. Suppose 5 = -3*x - 4. Let l be i(x). Let u = 2 + l. What is the tens digit of u?
3
Suppose q = b - 4, 13 = -3*b - 4*q + 2*q. Let c be ((-54)/(-24))/(b/(-28)). Suppose -5*i = -2*i - c. What is the units digit of i?
1
Suppose -2*w = -w - 3. Let h be 2/((w - -3)/3). What is the units digit of -3 + 2 + h + 1?
1
Let z = 4028 + -1966. What is the thousands digit of z?
2
Let q(z) = 6*z + 50 - 2 + 9*z - 11*z. Let x(g) = 5*g + 48. Let w(u) = 3*q(u) - 2*x(u). What is the tens digit of w(0)?
4
Let j(k) = -4*k**2 - 3*k + 2. Let l be j(1). Let a = 78 + l. What is the units digit of a?
3
Let g = 982 - 35. What is the tens digit of g?
4
Let m = 854 - 401. What is the hundreds digit of m?
4
Let c(x) = x**3 - 4*x**2 + 3*x - 1. Let i be c(4). Suppose -302 + 3734 = i*u. What is the tens digit of u?
1
Let t(q) be the first derivative of q**6/360 + q**5/60 + q**4/24 - q**3 + 2. Let f(i) be the third derivative of t(i). What is the units digit of f(2)?
9
What is the units digit of ((-18205)/66)/((-34)/(-12) + -3)?
5
Suppose 312 = 4*d - 5*y - 1555, 5*y = -5*d + 2345. What is the hundreds digit of d?
4
Let p = 1610 - -142. What is the thousands digit of p?
1
Let v = 38 + 12. Suppose -2*h = -142 - v. What is the units digit of h?
6
Let h(j) = j**3 + 14*j**2 + 8*j - 19. Let l(n) = -n + 8. Let g be l(-8). Let x be -4 - g/2 - 1. What is the units digit of h(x)?
6
Let f = -10 - 2. Let u be ((-20)/f)/5*3. What is the units digit of (-2 + 17)*3/u?
5
Let r be 11 + 0/3 - -3. Let k = r - 9. Suppose 5*g - 63 = -3*q, g - q = -k*q + 16. What is the tens digit of g?
1
Let i be (34/10)/((-42)/(-70))*-3. Let y(n) = -9*n - 52. What is the hundreds digit of y(i)?
1
Let t(u) = -4*u + 5. Let i be t(-5). Let w = 51 + i. What is the units digit of w?
6
Let t(x) = -x**3 - 2*x**2 - x + 1. Let j be t(-2). Let q(l) = -4*l - 3 + 6 - j. What is the tens digit of q(-4)?
1
Suppose 0 = -3*c + 8*c - p - 12110, 2*p + 12105 = 5*c. What is the tens digit of c?
2
Suppose -5*s - 982 = -a, 5*a = 4*s + 3239 + 1629. What is the hundreds digit of a?
9
Let i(a) = 3*a - 6. Let v be i(8). Suppose -21*m = -v*m - 222. What is the units digit of m?
4
What is the tens digit of (1988/6 - 8) + 8/(-6)?
2
Suppose 4*q = -5*i + 25, 6 = 3*q + 5*i - 19. What is the tens digit of 0 + (-4 - q) - -81?
7
Let n(b) = -6*b**3 + b**2 - 14*b - 45. What is the tens digit of n(-3)?
6
Suppose -126 = -d + h, -6*d = -5*d - 5*h - 134. What is the units digit of d?
4
Suppose -4*r + y = -6*r + 9816, -3*y - 9808 = -2*r. What is the tens digit of r?
0
Suppose -2*o - 6 = 0, -3*d + 225 = -2*o - 165. Let j = d - -129. What is the tens digit of j?
5
Let h(x) = -397*x - 204. What is the hundreds digit of h(-4)?
3
Suppose 2*j - 6 = 5*j. Let l(h) = 29*h - 4. Let a be l(j). Let t = -43 -